42639?
False
Is 94456 a multiple of 344?
False
Does 642 divide 838452?
True
Is 33473664 a multiple of 672?
True
Is 10218054 a multiple of 51?
True
Does 7 divide 23932?
False
Does 81 divide 24771?
False
Does 6 divide 1231825?
False
Is 41 a factor of 328943?
True
Is 1485 a factor of 4557523?
False
Is 21 a factor of 306118?
False
Is 163590 a multiple of 205?
True
Does 188 divide 171182?
False
Is 673340 a multiple of 5?
True
Does 100 divide 1900600?
True
Is 204 a factor of 1785139?
False
Is 1045 a factor of 5459080?
True
Is 1009824 a multiple of 111?
False
Is 410933 a multiple of 93?
False
Is 93 a factor of 52675?
False
Is 65 a factor of 150613?
False
Does 104 divide 239616?
True
Is 79 a factor of 6399?
True
Is 4 a factor of 5703?
False
Is 7 a factor of 1237635?
True
Is 18 a factor of 27283?
False
Is 613357 a multiple of 364?
False
Is 155 a factor of 3087?
False
Is 30732 a multiple of 12?
True
Does 37 divide 115625?
True
Does 43 divide 1390921?
True
Does 228 divide 26739?
False
Is 13 a factor of 27274?
True
Is 201696 a multiple of 22?
True
Is 34 a factor of 127034?
False
Does 9 divide 265958?
False
Is 73983 a multiple of 13?
True
Is 130787 a multiple of 28?
False
Is 5035 a multiple of 21?
False
Is 291 a factor of 56457?
False
Is 70625 a multiple of 125?
True
Does 541 divide 1568900?
True
Is 16 a factor of 127168?
True
Does 8 divide 154464?
True
Is 10 a factor of 91711?
False
Does 45 divide 353649?
False
Does 104 divide 33592?
True
Does 411 divide 670013?
False
Does 263 divide 3742343?
False
Is 533 a factor of 6222242?
True
Is 214 a factor of 1220264?
False
Is 301536 a multiple of 24?
True
Is 6 a factor of 535200?
True
Is 586800 a multiple of 2?
True
Does 14 divide 148246?
True
Does 5 divide 33308?
False
Is 3649569 a multiple of 777?
True
Is 2 a factor of 39636?
True
Is 764551 a multiple of 311?
False
Is 215 a factor of 249004?
False
Is 18 a factor of 123995?
False
Is 1032831 a multiple of 1107?
True
Does 11 divide 8810359?
False
Is 38 a factor of 4433992?
True
Does 24 divide 291480?
True
Does 24 divide 195216?
True
Does 120 divide 159996?
False
Does 11 divide 430672?
True
Does 49 divide 108138?
False
Does 19 divide 5245292?
True
Is 264 a factor of 27456?
True
Does 58 divide 484595?
False
Is 144247 a multiple of 7?
False
Is 19613304 a multiple of 24?
True
Is 29 a factor of 230051?
False
Does 4 divide 10740?
True
Does 163 divide 4736780?
True
Is 763032 a multiple of 147?
False
Does 63 divide 56196?
True
Is 13467589 a multiple of 557?
False
Is 134139 a multiple of 15?
False
Is 8 a factor of 191528?
True
Is 10 a factor of 55157?
False
Is 534354 a multiple of 425?
False
Does 345 divide 14751165?
True
Is 2892528 a multiple of 18?
True
Is 311 a factor of 189699?
False
Does 72 divide 92808?
True
Is 14796 a multiple of 191?
False
Is 12 a factor of 11650235?
False
Is 240576 a multiple of 8?
True
Is 58 a factor of 290851?
False
Does 9 divide 248074?
False
Does 3 divide 573897?
True
Does 20 divide 94356?
False
Is 3 a factor of 1002351?
True
Is 16 a factor of 3683424?
True
Does 4 divide 9017329?
False
Does 6 divide 71565?
False
Does 23 divide 834702?
False
Is 7860484 a multiple of 938?
False
Does 4 divide 55857?
False
Is 489532 a multiple of 626?
True
Is 85 a factor of 456450?
True
Does 4 divide 46503?
False
Does 15 divide 4215999?
False
Is 342 a factor of 1003770?
True
Does 23 divide 2184908?
True
Is 31 a factor of 96844?
True
Is 5086262 a multiple of 343?
False
Does 1599 divide 5796375?
True
Does 181 divide 98060?
False
Is 1692491 a multiple of 149?
True
Does 21 divide 23268?
True
Is 528607 a multiple of 75?
False
Is 1802140 a multiple of 15?
False
Is 55 a factor of 245172?
False
Does 5 divide 152623?
False
Does 94 divide 66458?
True
Does 19 divide 21873?
False
Does 30 divide 1479521?
False
Does 200 divide 1691691?
False
Is 6 a factor of 120812?
False
Is 100694 a multiple of 59?
False
Is 17 a factor of 16218?
True
Does 259 divide 519442?
False
Is 33372 a multiple of 81?
True
Does 14 divide 2342536?
True
Is 16 a factor of 4211235?
False
Is 335768 a multiple of 38?
True
Is 23664 a multiple of 24?
True
Is 8288 a multiple of 28?
True
Does 147 divide 18657534?
True
Is 620600 a multiple of 290?
True
Is 1488310 a multiple of 10?
True
Is 23 a factor of 127720?
False
Is 908280 a multiple of 27?
True
Does 106 divide 4539774?
False
Is 302 a factor of 936360?
False
Is 161 a factor of 2981076?
True
Is 266 a factor of 293398?
True
Does 32 divide 872505?
False
Is 1274310 a multiple of 6?
True
Is 12 a factor of 1035?
False
Does 5 divide 3429575?
True
Does 6 divide 30172?
False
Does 2 divide 129087?
False
Is 35271 even?
False
Is 7 a factor of 25704?
True
Does 137 divide 907899?
True
Does 107 divide 53714?
True
Is 6 a factor of 370766?
False
Does 38 divide 68172?
True
Is 66 a factor of 2691063?
False
Is 3 a factor of 87552?
True
Is 31977 a multiple of 55?
False
Is 190901 a multiple of 32?
False
Is 14 a factor of 14799344?
True
Does 41 divide 35381?
False
Is 25 a factor of 1482803?
False
Does 115 divide 54481?
False
Is 339592 a multiple of 315?
False
Does 23 divide 1388943?
False
Is 5 a factor of 19921?
False
Is 782325 a multiple of 135?
True
Does 78 divide 727513?
False
Is 3360040 a multiple of 20?
True
Is 65440 a multiple of 8?
True
Is 8326328 a multiple of 136?
True
Does 486 divide 1099818?
True
Is 16095618 a multiple of 154?
True
Does 97 divide 1785594?
False
Does 13 divide 14424176?
True
Does 50 divide 124438?
False
Is 65352 a multiple of 12?
True
Is 1769432 a multiple of 14?
True
Is 11240676 a multiple of 70?
False
Is 16463 a multiple of 16?
False
Does 8 divide 155784?
True
Does 349 divide 4240197?
False
Does 277 divide 2566405?
True
Does 70 divide 4035010?
True
Does 16 divide 262340?
False
Is 27 a factor of 15506?
False
Is 444018 a multiple of 148?
False
Is 1862410 a multiple of 55?
True
Does 169 divide 80064?
False
Is 7348537 a multiple of 670?
False
Is 13 a factor of 10162095?
False
Is 7 a factor of 125832?
True
Is 4648875 a multiple of 75?
True
Is 619 a factor of 478487?
True
Does 391 divide 979064?
True
Is 102856 a multiple of 26?
True
Does 31 divide 804874?
False
Is 64 a factor of 222016?
True
Is 2224152 a multiple of 54?
True
Does 90 divide 11015796?
False
Is 3499714 a multiple of 31?
True
Does 51 divide 1297277?
False
Is 811 a factor of 1012702?
False
Is 460 a factor of 153736?
False
Is 3693381 a multiple of 1103?
False
Is 107 a factor of 568673?
False
Is 16992448 a multiple of 11?
True
Does 211 divide 171121?
True
Is 5673886 a multiple of 272?
False
Does 14 divide 6992349?
False
Is 5069957 a multiple of 47?
False
Is 69 a factor of 851545?
False
Does 10 divide 2395118?
False
Does 19 divide 1219707?
False
Is 707166 a multiple of 9?
True
Is 31 a factor of 762491?
False
Is 5 a factor of 72732?
False
Is 717975 a multiple of 53?
False
Is 10099284 a multiple of 4?
True
Is 8 a factor of 1369498?
False
Does 9 divide 48358?
False
Is 149 a factor of 1909435?
True
Is 127435 a multiple of 77?
True
Is 600 a factor of 27527?
False
Is 28751 a multiple of 186?
False
Is 62 a factor of 6136016?
True
Is 2114180 a multiple of 10?
True
Is 1662176 a multiple of 818?
True
Does 3 divide 349791?
True
Is 3 a factor of 13847?
False
Does 88 divide 118563?
False
Does 27 divide 1256607?
True
Does 10 divide 5017617?
False
Does 60 divide 14615302?
False
Does 385 divide 402277?
False
Is 6395754 a multiple of 3?
True
Is 23 a factor of 708285?
True
Is 48 a factor of 1100832?
True
Is 8897922 a multiple of 619?
False
Is 620 a factor of 135160?
True
Is 203 a factor of 1760999?
False
Does 27 divide 49302?
True
Does 5 divide 1688970?
True
Does 217 divide 1060262?
True
Does 81 divide 110945?
False
Is 25442 a multiple of 4?
False
Does 877 divide 720017?
True
Does 87 divide 6422079?
True
Is 200 a factor of 1388200?
True
Does 2 divide 9140?
True
Is 694 a factor of 11616208?
False
Is 376259 a multiple of 103?
True
Is 863 a factor of 6955079?
False
Does 24 divide 9047795?
False
Is 73804 a multiple of 15?
False
Is 1658880 a multiple of 360?
True
Does 56 divide 1848?
True
Is 2 a factor of 3288256?
True
Is 15652180 a multiple of 24?
False
Is 10951974 a multiple of 99?
True
Is 12 a factor of 51732?
True
Does 1023 divide 1971321?
True
Is 93062 a multiple of 19?
True
Is 45 a factor of 1276436?
False
Does 39 d